{"version":"1.0","provider_name":"LA BRAVA RADIO","provider_url":"https:\/\/www.bbmnoticias.com\/labravaradiofm","author_name":"Agencias","author_url":"https:\/\/www.bbmnoticias.com\/labravaradiofm\/author\/agencias\/","title":"Descarta Sheinbaum reunirse con AMLO - LA BRAVA RADIO","type":"rich","width":600,"height":338,"html":"<blockquote class=\"wp-embedded-content\" data-secret=\"tEIpvCVLW3\"><a href=\"https:\/\/www.bbmnoticias.com\/labravaradiofm\/2025\/11\/14\/descarta-sheinbaum-reunirse-con-amlo\/\">Descarta Sheinbaum reunirse con AMLO<\/a><\/blockquote><iframe sandbox=\"allow-scripts\" security=\"restricted\" src=\"https:\/\/www.bbmnoticias.com\/labravaradiofm\/2025\/11\/14\/descarta-sheinbaum-reunirse-con-amlo\/embed\/#?secret=tEIpvCVLW3\" width=\"600\" height=\"338\" title=\"&#8220;Descarta Sheinbaum reunirse con AMLO&#8221; &#8212; LA BRAVA RADIO\" data-secret=\"tEIpvCVLW3\" frameborder=\"0\" marginwidth=\"0\" marginheight=\"0\" scrolling=\"no\" class=\"wp-embedded-content\"><\/iframe><script type=\"text\/javascript\">\n\/* <![CDATA[ *\/\n\/*! This file is auto-generated *\/\n!function(d,l){\"use strict\";l.querySelector&&d.addEventListener&&\"undefined\"!=typeof URL&&(d.wp=d.wp||{},d.wp.receiveEmbedMessage||(d.wp.receiveEmbedMessage=function(e){var t=e.data;if((t||t.secret||t.message||t.value)&&!\/[^a-zA-Z0-9]\/.test(t.secret)){for(var s,r,n,a=l.querySelectorAll('iframe[data-secret=\"'+t.secret+'\"]'),o=l.querySelectorAll('blockquote[data-secret=\"'+t.secret+'\"]'),c=new RegExp(\"^https?:$\",\"i\"),i=0;i<o.length;i++)o[i].style.display=\"none\";for(i=0;i<a.length;i++)s=a[i],e.source===s.contentWindow&&(s.removeAttribute(\"style\"),\"height\"===t.message?(1e3<(r=parseInt(t.value,10))?r=1e3:~~r<200&&(r=200),s.height=r):\"link\"===t.message&&(r=new URL(s.getAttribute(\"src\")),n=new URL(t.value),c.test(n.protocol))&&n.host===r.host&&l.activeElement===s&&(d.top.location.href=t.value))}},d.addEventListener(\"message\",d.wp.receiveEmbedMessage,!1),l.addEventListener(\"DOMContentLoaded\",function(){for(var e,t,s=l.querySelectorAll(\"iframe.wp-embedded-content\"),r=0;r<s.length;r++)(t=(e=s[r]).getAttribute(\"data-secret\"))||(t=Math.random().toString(36).substring(2,12),e.src+=\"#?secret=\"+t,e.setAttribute(\"data-secret\",t)),e.contentWindow.postMessage({message:\"ready\",secret:t},\"*\")},!1)))}(window,document);\n\/\/# sourceURL=https:\/\/www.bbmnoticias.com\/labravaradiofm\/wp-includes\/js\/wp-embed.min.js\n\/* ]]> *\/\n<\/script>\n","thumbnail_url":"https:\/\/www.bbmnoticias.com\/labravaradiofm\/wp-content\/uploads\/sites\/5\/2025\/11\/sheinbaum_amlo.jpg","thumbnail_width":848,"thumbnail_height":477,"description":"A pesar de que este s\u00e1bado la Presidenta Claudia Sheinbaum estar\u00e1 cerca de la residencia del ex mandatario Andr\u00e9s Manuel L\u00f3pez Obrador, no se prev\u00e9 alg\u00fan encuentro. El Heraldo de M\u00e9xico pregunt\u00f3 en&nbsp;la Ma\u00f1anera de este 14 de noviembre, en Palacio Nacional, a la titular del Ejecutivo. \u201cNo, ya dijeron los coment\u00f3cratas: es que en [&hellip;]"}

A pesar de que este sábado la Presidenta Claudia Sheinbaum estará cerca de la residencia del ex mandatario Andrés Manuel López Obrador, no se prevé algún encuentro. El Heraldo de México preguntó en&nbsp;la Mañanera de este 14 de noviembre, en Palacio Nacional, a la titular del Ejecutivo. “No, ya dijeron los comentócratas: es que en [&hellip;]
