{"version":"1.0","provider_name":"LA BRAVA RADIO","provider_url":"https:\/\/www.bbmnoticias.com\/labravaradiofm","author_name":"Agencias","author_url":"https:\/\/www.bbmnoticias.com\/labravaradiofm\/author\/agencias\/","title":"Los perfiles de los posibles \"papables\" - LA BRAVA RADIO","type":"rich","width":600,"height":338,"html":"<blockquote class=\"wp-embedded-content\" data-secret=\"2eNasTYGR4\"><a href=\"https:\/\/www.bbmnoticias.com\/labravaradiofm\/2025\/04\/28\/los-perfiles-de-los-posibles-papables\/\">Los perfiles de los posibles &#8220;papables&#8221;<\/a><\/blockquote><iframe sandbox=\"allow-scripts\" security=\"restricted\" src=\"https:\/\/www.bbmnoticias.com\/labravaradiofm\/2025\/04\/28\/los-perfiles-de-los-posibles-papables\/embed\/#?secret=2eNasTYGR4\" width=\"600\" height=\"338\" title=\"&#8220;Los perfiles de los posibles &#8220;papables&#8221;&#8221; &#8212; LA BRAVA RADIO\" data-secret=\"2eNasTYGR4\" frameborder=\"0\" marginwidth=\"0\" marginheight=\"0\" scrolling=\"no\" class=\"wp-embedded-content\"><\/iframe><script type=\"text\/javascript\">\n\/* <![CDATA[ *\/\n\/*! This file is auto-generated *\/\n!function(d,l){\"use strict\";l.querySelector&&d.addEventListener&&\"undefined\"!=typeof URL&&(d.wp=d.wp||{},d.wp.receiveEmbedMessage||(d.wp.receiveEmbedMessage=function(e){var t=e.data;if((t||t.secret||t.message||t.value)&&!\/[^a-zA-Z0-9]\/.test(t.secret)){for(var s,r,n,a=l.querySelectorAll('iframe[data-secret=\"'+t.secret+'\"]'),o=l.querySelectorAll('blockquote[data-secret=\"'+t.secret+'\"]'),c=new RegExp(\"^https?:$\",\"i\"),i=0;i<o.length;i++)o[i].style.display=\"none\";for(i=0;i<a.length;i++)s=a[i],e.source===s.contentWindow&&(s.removeAttribute(\"style\"),\"height\"===t.message?(1e3<(r=parseInt(t.value,10))?r=1e3:~~r<200&&(r=200),s.height=r):\"link\"===t.message&&(r=new URL(s.getAttribute(\"src\")),n=new URL(t.value),c.test(n.protocol))&&n.host===r.host&&l.activeElement===s&&(d.top.location.href=t.value))}},d.addEventListener(\"message\",d.wp.receiveEmbedMessage,!1),l.addEventListener(\"DOMContentLoaded\",function(){for(var e,t,s=l.querySelectorAll(\"iframe.wp-embedded-content\"),r=0;r<s.length;r++)(t=(e=s[r]).getAttribute(\"data-secret\"))||(t=Math.random().toString(36).substring(2,12),e.src+=\"#?secret=\"+t,e.setAttribute(\"data-secret\",t)),e.contentWindow.postMessage({message:\"ready\",secret:t},\"*\")},!1)))}(window,document);\n\/\/# sourceURL=https:\/\/www.bbmnoticias.com\/labravaradiofm\/wp-includes\/js\/wp-embed.min.js\n\/* ]]> *\/\n<\/script>\n","thumbnail_url":"https:\/\/www.bbmnoticias.com\/labravaradiofm\/wp-content\/uploads\/sites\/5\/2025\/04\/candidatos_papables.jpg","thumbnail_width":1536,"thumbnail_height":1025,"description":"El c\u00f3nclave comenzar\u00e1 el pr\u00f3ximo 7 de mayo en la Capilla Sixtina, tras la decisi\u00f3n adoptada este lunes por los cardenales en la quinta congregaci\u00f3n general, confirm\u00f3 el portavoz vaticano, Matteo Bruni. La m\u00e1s de 180 cardenales presentes en la reuni\u00f3n, m\u00e1s de un centenar electores, decidieron la fecha tras un encuentro que dur\u00f3 en [&hellip;]"}

El cónclave comenzará el próximo 7 de mayo en la Capilla Sixtina, tras la decisión adoptada este lunes por los cardenales en la quinta congregación general, confirmó el portavoz vaticano, Matteo Bruni. La más de 180 cardenales presentes en la reunión, más de un centenar electores, decidieron la fecha tras un encuentro que duró en [&hellip;]
