{"version":"1.0","provider_name":"LA BRAVA RADIO","provider_url":"https:\/\/www.bbmnoticias.com\/labravaradiofm","author_name":"Quadratin","author_url":"https:\/\/www.bbmnoticias.com\/labravaradiofm\/author\/quadratin\/","title":"Renuncia Francisco \u00c1ngel Villarreal al IEEPO - LA BRAVA RADIO","type":"rich","width":600,"height":338,"html":"<blockquote class=\"wp-embedded-content\" data-secret=\"j2pkAh6nEI\"><a href=\"https:\/\/www.bbmnoticias.com\/labravaradiofm\/2021\/11\/30\/renuncia-francisco-angel-villarreal-al-ieepo\/\">Renuncia Francisco \u00c1ngel Villarreal al IEEPO<\/a><\/blockquote><iframe sandbox=\"allow-scripts\" security=\"restricted\" src=\"https:\/\/www.bbmnoticias.com\/labravaradiofm\/2021\/11\/30\/renuncia-francisco-angel-villarreal-al-ieepo\/embed\/#?secret=j2pkAh6nEI\" width=\"600\" height=\"338\" title=\"&#8220;Renuncia Francisco \u00c1ngel Villarreal al IEEPO&#8221; &#8212; LA BRAVA RADIO\" data-secret=\"j2pkAh6nEI\" frameborder=\"0\" marginwidth=\"0\" marginheight=\"0\" scrolling=\"no\" class=\"wp-embedded-content\"><\/iframe><script type=\"text\/javascript\">\n\/* <![CDATA[ *\/\n\/*! This file is auto-generated *\/\n!function(d,l){\"use strict\";l.querySelector&&d.addEventListener&&\"undefined\"!=typeof URL&&(d.wp=d.wp||{},d.wp.receiveEmbedMessage||(d.wp.receiveEmbedMessage=function(e){var t=e.data;if((t||t.secret||t.message||t.value)&&!\/[^a-zA-Z0-9]\/.test(t.secret)){for(var s,r,n,a=l.querySelectorAll('iframe[data-secret=\"'+t.secret+'\"]'),o=l.querySelectorAll('blockquote[data-secret=\"'+t.secret+'\"]'),c=new RegExp(\"^https?:$\",\"i\"),i=0;i<o.length;i++)o[i].style.display=\"none\";for(i=0;i<a.length;i++)s=a[i],e.source===s.contentWindow&&(s.removeAttribute(\"style\"),\"height\"===t.message?(1e3<(r=parseInt(t.value,10))?r=1e3:~~r<200&&(r=200),s.height=r):\"link\"===t.message&&(r=new URL(s.getAttribute(\"src\")),n=new URL(t.value),c.test(n.protocol))&&n.host===r.host&&l.activeElement===s&&(d.top.location.href=t.value))}},d.addEventListener(\"message\",d.wp.receiveEmbedMessage,!1),l.addEventListener(\"DOMContentLoaded\",function(){for(var e,t,s=l.querySelectorAll(\"iframe.wp-embedded-content\"),r=0;r<s.length;r++)(t=(e=s[r]).getAttribute(\"data-secret\"))||(t=Math.random().toString(36).substring(2,12),e.src+=\"#?secret=\"+t,e.setAttribute(\"data-secret\",t)),e.contentWindow.postMessage({message:\"ready\",secret:t},\"*\")},!1)))}(window,document);\n\/\/# sourceURL=https:\/\/www.bbmnoticias.com\/labravaradiofm\/wp-includes\/js\/wp-embed.min.js\n\/* ]]> *\/\n<\/script>\n","thumbnail_url":"https:\/\/www.bbmnoticias.com\/labravaradiofm\/wp-content\/uploads\/sites\/5\/2021\/11\/francisco-villareal30112021.jpg","thumbnail_width":600,"thumbnail_height":397,"description":"OAXACA, Oax.- El director general del Instituto Estatal de Educaci\u00f3n P\u00fablica de Oaxaca (IEEPO) Francisco \u00c1ngel Villarreal present\u00f3 este martes su renuncia tras cuatro a\u00f1os de gesti\u00f3n como parte del gabinete del gobernador de Oaxaca, Alejandro Murat Hinojosa. Aunque la dependencia no ha confirmado su dimisi\u00f3n, en un video de Facebook el hasta hoy funcionario [&hellip;]"}

Renuncia Francisco Ángel Villarreal al IEEPO - LA BRAVA RADIO

<blockquote class="wp-embedded-content" data-secret="j2pkAh6nEI"><a href="https://www.bbmnoticias.com/labravaradiofm/2021/11/30/renuncia-francisco-angel-villarreal-al-ieepo/">Renuncia Francisco Ángel Villarreal al IEEPO</a></blockquote><iframe sandbox="allow-scripts" security="restricted" src="https://www.bbmnoticias.com/labravaradiofm/2021/11/30/renuncia-francisco-angel-villarreal-al-ieepo/embed/#?secret=j2pkAh6nEI" width="600" height="338" title="&#8220;Renuncia Francisco Ángel Villarreal al IEEPO&#8221; &#8212; LA BRAVA RADIO" data-secret="j2pkAh6nEI" frameborder="0" marginwidth="0" marginheight="0" scrolling="no" class="wp-embedded-content"></iframe><script type="text/javascript">
/* <![CDATA[ */
/*! This file is auto-generated */
!function(d,l){"use strict";l.querySelector&&d.addEventListener&&"undefined"!=typeof URL&&(d.wp=d.wp||{},d.wp.receiveEmbedMessage||(d.wp.receiveEmbedMessage=function(e){var t=e.data;if((t||t.secret||t.message||t.value)&&!/[^a-zA-Z0-9]/.test(t.secret)){for(var s,r,n,a=l.querySelectorAll('iframe[data-secret="'+t.secret+'"]'),o=l.querySelectorAll('blockquote[data-secret="'+t.secret+'"]'),c=new RegExp("^https?:$","i"),i=0;i<o.length;i++)o[i].style.display="none";for(i=0;i<a.length;i++)s=a[i],e.source===s.contentWindow&&(s.removeAttribute("style"),"height"===t.message?(1e3<(r=parseInt(t.value,10))?r=1e3:~~r<200&&(r=200),s.height=r):"link"===t.message&&(r=new URL(s.getAttribute("src")),n=new URL(t.value),c.test(n.protocol))&&n.host===r.host&&l.activeElement===s&&(d.top.location.href=t.value))}},d.addEventListener("message",d.wp.receiveEmbedMessage,!1),l.addEventListener("DOMContentLoaded",function(){for(var e,t,s=l.querySelectorAll("iframe.wp-embedded-content"),r=0;r<s.length;r++)(t=(e=s[r]).getAttribute("data-secret"))||(t=Math.random().toString(36).substring(2,12),e.src+="#?secret="+t,e.setAttribute("data-secret",t)),e.contentWindow.postMessage({message:"ready",secret:t},"*")},!1)))}(window,document);
//# sourceURL=https://www.bbmnoticias.com/labravaradiofm/wp-includes/js/wp-embed.min.js
/* ]]> */
</script>

OAXACA, Oax.- El director general del Instituto Estatal de Educación Pública de Oaxaca (IEEPO) Francisco Ángel Villarreal presentó este martes su renuncia tras cuatro años de gestión como parte del gabinete del gobernador de Oaxaca, Alejandro Murat Hinojosa. Aunque la dependencia no ha confirmado su dimisión, en un video de Facebook el hasta hoy funcionario [&hellip;]
